n)?
1
Suppose 0*t - 28206 = -8*t + 34450. What is the hundreds digit of t?
8
Suppose w = -2*g + 3*g + 38, 0 = -w - 4*g + 33. Suppose 33*y + 16 = w*y. Suppose -4 = 4*n, 3*n = -2*m + y*m - 421. What is the tens digit of m?
0
Let m(f) = f**3 + 3*f**2 - 10*f + 7. Let w be m(2). Let l(s) = -33*s + 330. What is the tens digit of l(w)?
9
Suppose 4*d = 3*k + 49658 - 13836, 0 = -3*k - 6. What is the hundreds digit of d?
9
Let d(c) = -640*c - 2376. What is the tens digit of d(-8)?
4
Suppose -3*i + 2*b + 128417 = 0, 1179*b + 5 = 1174*b. What is the hundreds digit of i?
8
Suppose -22495 = -5*k + 3*r + 19729, 4*k - 4*r - 33776 = 0. What is the units digit of k?
6
Let g(f) = f**2 + 23*f + 128. Let x be g(-14). Suppose -4*l = n - 2781, -x*l + l = 3*n - 698. What is the units digit of l?
5
Suppose 85653 = 20*l - 27460 - 45187. What is the thousands digit of l?
7
Let k(w) = -11*w + 7. Let x be k(-2). Suppose 4*y - x = 15. Suppose y*z - 15*z = -360. What is the units digit of z?
0
Let b = 605 - 592. Suppose -b*n + 11*n = 2*v - 2850, 7125 = 5*v + n. What is the units digit of v?
5
Let b(a) be the third derivative of a**5/30 - a**4/3 + 251*a**3/6 + a**2 - 128*a. What is the tens digit of b(-18)?
4
Suppose g = 5 - 0. Let p(z) = -3*z - 13*z**3 - 6 + 11*z**3 + z - g*z. What is the hundreds digit of p(-4)?
1
Suppose -22248 = -10*l + 20652. What is the units digit of l?
0
Suppose 25*l + 604171 - 541162 - 1569109 = 0. What is the thousands digit of l?
0
Suppose -1680168 = -70*g + 63934 + 528448. What is the hundreds digit of g?
4
Suppose -217*n + 180*n + 11322 = 0. What is the hundreds digit of n?
3
Let u(l) = -164*l**2 - 14*l + 39. Let r be u(5). Let n = -2479 - r. What is the thousands digit of n?
1
Let q(p) = -13*p + 14*p - 19 - 3*p**2 - 3*p. Let x(f) = 3*f**2 + 3*f + 18. Let k(s) = 4*q(s) + 5*x(s). What is the tens digit of k(-5)?
5
Suppose -2*n - 2*p - 18 = -7*n, 0 = 2*n + 3*p + 8. Let m be (-8 + 7)/(n*1/(-324)). Suppose j + 23 = 2*b - m, -4*b + 3*j + 373 = 0. What is the units digit of b?
1
Let h(a) be the first derivative of 2*a**3/3 - 20*a**2 + 15*a + 13. Let c be h(20). What is the units digit of c/(-20) - 190/(-8)?
3
Let m be (-1 + 6)*(-28)/(-10). Let z = -1233 - -1236. Suppose 82 - m = 3*p + 5*o, o + 62 = z*p. What is the units digit of p?
1
Let c = 1108 - 1208. Suppose -5*s - 718 = 27. Let g = c - s. What is the tens digit of g?
4
Let d be (-2)/6 + (-140)/30. Let c be ((-12)/(-15))/(d/125). What is the tens digit of ((-264)/(-30))/((-2)/c)?
8
Suppose -25*y + 407484 = -5*y - 2*y. What is the units digit of y?
8
Suppose -n = 2*n + 9, -12710 = -5*g - 5*n. Suppose -g = -7*z - 235. What is the units digit of z?
0
Suppose 3*v = -4*m + 1142 + 1531, -4*v + 3565 = 5*m. Suppose 4*h - 10 = 10, 2*y + 3*h = v. What is the hundreds digit of y?
4
Let h(b) = -b**3 + 8*b**2 - 6*b + 9. Let o be h(7). Suppose -496 = -o*l + 12*l. What is the tens digit of l?
2
Suppose 25*o + 38 = -137. What is the units digit of (-2285)/o + (-48)/112?
6
Let u(h) = -5*h**2 - 21*h - 1. Suppose -96*x - 12 = -93*x. Let k be u(x). Suppose k*n - 2*t - 721 = 0, -t + 118 = n - 129. What is the tens digit of n?
4
Let l = 365 + -351. What is the tens digit of ((-49)/l + 4)*(-308)/(-2)?
7
Let r(u) = 6*u**2 + 7*u + 3. Let k be (8/12)/(3/45). Suppose -5*f + 2*d - 17 = 0, 4*f - k*d = -5*d. What is the tens digit of r(f)?
1
Let z(b) be the first derivative of -b**2 + 9*b - 6. Let o(q) = q**3 + 6*q**2 + 6*q. Let i be o(-5). What is the units digit of z(i)?
9
Let v(d) = 2*d**2 + 28*d + 17. Let z(m) = 3*m**2 + 28*m + 17. Let i(w) = 4*v(w) - 3*z(w). Let t be i(13). Let x = 313 - t. What is the tens digit of x?
0
Let f = 279 + -464. What is the tens digit of 27/(-9)*(f - 0)?
5
Let o(r) = 2*r**3 + 14*r**2 + 2*r - 10. Let q be o(13). Suppose -7*i + q = 15*i. What is the hundreds digit of i?
3
Let k(s) = 42*s**3 - 4*s**2 + 42*s + 18. Let r be k(8). Suppose -25*z + r = -7373. What is the hundreds digit of z?
1
Let d(v) = v**2 - 8*v + 35. Let s be d(11). Let y = s - 22. Suppose -y + 541 = 5*j. What is the units digit of j?
9
Let j(h) be the first derivative of -23*h**5/40 + h**4/12 - 26*h**3/3 + 31. Let q(l) be the third derivative of j(l). What is the hundreds digit of q(-3)?
2
Let s be 4886/6 - (-441)/(-189). Suppose 4*w + 0*w + a = 812, -s = -4*w - 2*a. What is the hundreds digit of w?
2
Suppose -57*w + 53*w - 3*f = -50803, 0 = 5*w - 4*f - 63496. What is the thousands digit of w?
2
Let s = 46064 + -32429. What is the thousands digit of s?
3
Suppose -693851 - 912916 = -36*b + 227217. What is the ten thousands digit of b?
5
Suppose -1 + 21 = -5*t. Let l(g) be the first derivative of g**3 - 3*g**2 + 8*g - 13. What is the units digit of l(t)?
0
Suppose -n + 139 = -6. Suppose 2*z + 129 = n. Suppose 4*l - 36 = -4*f, 5*l - 56 = -4*f - z. What is the tens digit of l?
1
What is the tens digit of (-130)/845 - 1160280/(-26)?
2
What is the units digit of (-1)/5 + (365565/(-10))/((-240)/32)?
4
Let f(x) = 0*x**2 - 2*x**2 - 141*x + 88*x - 25. What is the tens digit of f(-17)?
9
Let q(b) = 43*b**2 + 65*b - 334. What is the thousands digit of q(7)?
2
Suppose 286 + 306 = 4*p. Let l = p + -241. Let y = 161 + l. What is the tens digit of y?
6
Suppose 684 = 5*o - 4*y, -5*o = y + 2*y - 712. Let g = o - 16. What is the units digit of g?
4
Suppose 1821 = 2*v - 4*j - 1199, 0 = -v + 4*j + 1514. What is the units digit of v?
6
Let d(i) = -i**3 + 45*i**2 - 17*i + 52. What is the tens digit of d(36)?
0
Suppose 0*w = -2*w - 60. Let p be (-20)/w*(1 + 446). Let v = p - 195. What is the units digit of v?
3
Let g(m) = 29*m**2 + 18*m + 2. What is the thousands digit of g(-17)?
8
Suppose -2*l + 2*x - 584 = -0*x, 10 = -2*x. What is the hundreds digit of l/22*((-32)/3 - 0)?
1
Suppose 8*w - 20 = 3*w. Let n be (-20)/6*w/((-24)/9). Suppose -n*h - 371 = -4*z - 76, -h - 155 = -2*z. What is the tens digit of z?
8
Let f(r) = -8*r**2 - 188*r + 42. Let w be f(-24). Let q be 1/4 + (-1359)/12. Let n = w - q. What is the tens digit of n?
5
Let s = -13252 + 49409. What is the ten thousands digit of s?
3
Let i = -116 - -170. Let m be 33/(-44) + (-2)/((-16)/(-394)). What is the units digit of m/15*i/(-2)?
0
Let a(r) be the second derivative of 0 + 15*r - 5/6*r**3 - 1/10*r**5 - 3/2*r**2 - 1/3*r**4. What is the tens digit of a(-3)?
3
Suppose -5*p = -23 - 7. Let g(x) = 23*x - 123. Let z(k) = -11*k + 61. Let n(d) = p*g(d) + 13*z(d). What is the tens digit of n(-14)?
2
Suppose -4*r + 4*o = -28, -2*r - r = o - 1. Suppose 10*q = r*q + 9448. What is the units digit of q?
1
What is the tens digit of 89478 - ((-242)/24 - (-131)/1572)?
8
Suppose -11*c - 156 = -1256. Suppose -140 = -3*f + c. Let q = -59 + f. What is the units digit of q?
1
Let x = 1999 - 3129. What is the tens digit of (2/2)/((-2)/x)?
6
Let s be (10/(-8) + 2)*(-5 - -17). Suppose s*c - 7715 - 6514 = 0. What is the tens digit of c?
8
Suppose -426504 - 93612 = -16*u - 32484. What is the hundreds digit of u?
4
Let p(u) = -u**3 - 5*u**2 + 4. Let n be p(-5). Suppose -5*j + 379 + 17 = -n*c, -4*c + 136 = 2*j. What is the tens digit of j?
7
Suppose 0 = -2*s - 10, -9 = -u + 3*s + 8. Let v = 350 + -128. Suppose -2*w = 3*b - v, 3*w - 222 = -u*b - b. What is the units digit of b?
4
Suppose 186 = -4*k + 14. What is the hundreds digit of (-15 + -18)*(k/3 - -3)?
3
Suppose -2*a - 997 = 4*b + 321, -a + 5*b - 659 = 0. Let f = a - -1391. What is the units digit of f?
2
Suppose l = -9*q + 4*q + 14, 2*q = 4*l - 34. Suppose -3066 = -l*m - 222. What is the hundreds digit of m?
3
Suppose 1209524 + 604250 + 537982 = 44*p. What is the units digit of p?
9
Let n(s) = -9 - 6 + 2 - s. Let r be n(-15). Suppose -r*m = -10*m + 432. What is the tens digit of m?
5
Let j(x) = 21*x + 4787. What is the tens digit of j(-31)?
3
Let c be (-232)/5 + (-6)/(-15). Let u = c - -44. What is the units digit of 10/(-20) - u/((-8)/(-38))?
9
Let i(g) = g**3 + 13*g**2 + 7*g - 16. Let k be i(-12). Suppose -3*o = -14*o + k. Suppose o*z = 756 - 156. What is the hundreds digit of z?
1
Let a be (24/(-20))/(3/510*-2). Let n = a - -25. What is the tens digit of n?
2
Let p(d) = -d**3 + 19*d**2 + 25*d + 23. Let o be p(19). Suppose 3*a = -5*l + 2*l + o, -5*l + 3*a = -830. What is the tens digit of l?
6
Let d(u) = -u**3 - 3*u**2 + 5*u + 3. Let t be d(-4). What is the te